(p) = -5*p**2 - 234*p + 61. Let d be h(-46). What is the greatest common factor of d and 140?
35
Suppose -5*l + 4*j = 5, 4*j = l + j + 12. What is the highest common divisor of l and 8?
1
Let n = -92 + 87. Let d be 45/(-10) - n - (-82)/4. Let w(y) = -y**3 + 6*y**2 - 3*y + 4. Let j be w(5). Calculate the greatest common factor of j and d.
7
Suppose -3*v = -2*r + 2*v, 2*v = -4*r. Suppose 3*p - f = 141, 0*p - p + 2*f + 42 = r. Calculate the highest common factor of p and 16.
16
Let q = -433 + 608. Let t = -112 + q. What is the greatest common factor of 9 and t?
9
Let m = 180 + 70. Calculate the highest common divisor of 50 and m.
50
Let u be 24/(-36) - 1/3. Let i be (-12 + 21)*u/3. Let v = i - -6. Calculate the greatest common divisor of v and 9.
3
Suppose -r = 2*r - 243. Let p = -88 - -97. Calculate the greatest common factor of p and r.
9
Let q(y) = 9*y**2 + 6*y + 6. Let a be 0 + 1 - 18/9. Let z be 11 - 9 - (-6)/a. Let s be q(z). What is the greatest common factor of s and 18?
18
Suppose -74 = 4*s - 434. What is the highest common factor of 18 and s?
18
Suppose -39*g - 1 = -38*g. Let m be (g/3)/(5/(-270)). Calculate the greatest common factor of m and 27.
9
Suppose -8*p = -9*p + 90. Suppose v + p = 2*k, -4*k - 2*v = -5*k + 42. Let f = k + 31. Calculate the highest common divisor of 7 and f.
7
Let y(q) = q**2 + 2*q + 4. Let l be y(-3). Let n(p) = -p**3 + 6*p**2 + 3*p. Let d be n(l). Let b = -16 - d. What is the greatest common divisor of 24 and b?
12
Let h(w) = -57*w - 51. Let n be h(-3). Calculate the highest common factor of n and 48.
24
Let b(q) = -2*q - 1. Let o be b(-2). Suppose o*h + 86 - 374 = 0. Suppose -h - 9 = -5*f. Calculate the greatest common factor of f and 168.
21
Let r = 1198 + -1176. What is the greatest common factor of 1496 and r?
22
Let v = -242 + 290. Let m be 2*(0 - 1) - -75. Let c = v + m. What is the greatest common factor of c and 11?
11
Let r be 256/18 - (-4)/(-18). Let d be 0 - (-2 + r)/(-1). Let i = -32 + 36. What is the highest common factor of d and i?
4
Let m be -1*(4 + -83 + -3). Calculate the greatest common factor of m and 205.
41
Let w = 46 - 88. Let i be (384/(-20))/(w/(-45) + -1). Calculate the greatest common factor of i and 32.
32
Let u(z) be the second derivative of z**4/12 + z**3/2 - 3*z**2 + 2*z. Let p be u(-5). Calculate the greatest common divisor of p and 44.
4
Let o be 5/(4/(-16) - (-62)/168). Let f(r) = r**3 - 4*r**2 - 4*r + 8. Let c be f(6). Calculate the greatest common factor of c and o.
14
Suppose -3*a - 15 + 99 = 0. Let s = 275 + -196. Suppose 0 = -5*y - 3*l + s, 5*l + 42 = 5*y - 13. What is the greatest common factor of a and y?
14
Let w(p) = 2*p**3 - 17*p**2 - 21*p + 17. Let b be w(10). Calculate the greatest common factor of 428 and b.
107
Suppose 2*l - 4*j - 4 = 0, -27 = -3*l + 5*j - 6*j. What is the greatest common factor of 8 and l?
8
Let g(i) = i + 9. Let l be (-13)/26 - 10/(-4). Let p be g(l). Calculate the greatest common divisor of 77 and p.
11
Let d = -147 + 210. Calculate the greatest common factor of d and 7.
7
Let t be (-2)/4 + (-25)/2. Let g(d) = -1021 + 998 + 45*d - 48*d. Let f be g(t). Calculate the highest common divisor of 2 and f.
2
Let f = 9 + -9. Let s be (0 + f + 0)/(-2). Suppose -j + 100 = 3*k - s*j, -3*j + 28 = k. What is the highest common divisor of 85 and k?
17
Suppose b = 2*c + 2*b - 13, 4*b = -4*c + 20. Calculate the greatest common divisor of c and 200.
8
Suppose 16*h - 5*r = 12*h + 513, 5*r + 117 = h. What is the highest common factor of 165 and h?
33
Suppose -7 = -4*a + 9. Let t = 7 - a. Suppose -3*v - 3*j + 30 = 0, 0 = t*v + 4*j - 38 + 12. Calculate the highest common factor of 42 and v.
14
Let y(z) = 8*z + 52. Let x be y(13). Let a = x - -53. Calculate the greatest common factor of 19 and a.
19
Suppose 0 = 17*q + 522 - 573. Calculate the greatest common factor of 390 and q.
3
Let p = 151 + -112. What is the highest common factor of 13 and p?
13
Let m = 68 - -32. Let p = m + -76. Calculate the highest common divisor of p and 120.
24
Let m = 1021 + -1000. Calculate the highest common factor of m and 133.
7
Suppose 0 = s - 4*n - 267, 0*n = -4*s + 3*n + 1094. What is the highest common divisor of 110 and s?
55
Let d(y) = -y**3 - 39*y**2 + 30*y - 300. Let n be d(-40). Let m = 5 + -10. Let f = m + 45. What is the highest common divisor of f and n?
20
Let r = 37 - -3. Suppose u + 5 = 8, t + 3*u = 39. Calculate the greatest common factor of r and t.
10
Let q(u) = 5*u - 46. Let n be q(12). Suppose 0 = -n*v + 3671 + 151. What is the greatest common divisor of v and 21?
21
Let h = 774 - 724. Calculate the greatest common factor of 25 and h.
25
Let z = -29 + 31. Let a = 0 + z. What is the highest common divisor of a and 4?
2
Suppose -28*r = -26*r - 2686. What is the highest common divisor of 79 and r?
79
Suppose 0 = -30*k - 41*k + 710. Suppose 43 - 3 = d. What is the greatest common divisor of k and d?
10
Let g be 7*1 - 1023/(-93). Suppose 31 + 11 = 3*j - 3*t, -44 = -2*j - 2*t. Calculate the highest common divisor of j and g.
18
Let g(s) = 2*s + 5. Let z be g(5). Let f = -38 + 43. What is the highest common divisor of f and z?
5
Let i = 914 + -876. What is the greatest common factor of i and 684?
38
Suppose -1841 = -38*n + 325. Calculate the greatest common factor of n and 399.
57
Suppose -3*n = -2*n + 2*j - 172, 4*j - 162 = -n. What is the highest common divisor of 14 and n?
14
Suppose -2*a + 2*w - 14 = -0*w, 2*w = 3*a + 16. Let z(o) = 2*o**2 - 1. Let j be z(a). Let x be 3 - 7/(j/2). What is the greatest common factor of 3 and x?
1
Let c be (18 + -24)*(26/(-3) - 1). What is the greatest common divisor of 232 and c?
58
Suppose -66*w = -64*w - 376. Calculate the highest common factor of w and 141.
47
Suppose 4*u = -2*j + 50, 4*u - 5*j = -34 + 105. Let f be ((-52)/(-8))/(1/(-2)). Let c = f + 20. Calculate the highest common factor of c and u.
7
Suppose -19*z + 2179 = -443. Calculate the highest common divisor of z and 1058.
46
Let j(v) = -v**3 + 15*v**2 - 19*v - 6. Let f be j(10). What is the highest common factor of f and 32?
16
Suppose 4*r + 9*n - 11*n - 520 = 0, r - 136 = -n. What is the greatest common divisor of r and 4?
4
Let f(i) = -141*i - 330. Let y be f(-5). What is the greatest common divisor of y and 45?
15
Let q(s) = -s**2 + 19*s - 4. Let d be q(16). Suppose -v + d = 2. Suppose -v = r - 2*r. Calculate the greatest common divisor of 6 and r.
6
Let v be 1 - -4050 - (154/14 - 16). What is the highest common divisor of 24 and v?
24
Let g(f) = f**2 + 4*f + 9. Let s be g(-6). Let i(t) = -3*t + 14. Let h be i(11). Let v = h + s. Calculate the greatest common divisor of 18 and v.
2
Let v = 2108 - 2057. What is the highest common factor of v and 816?
51
Suppose -4 = -2*q + 2. Suppose 4*x - 17 = 4*o - 77, -o - 3*x + q = 0. Suppose o = 3*n - 2*n. What is the highest common factor of n and 24?
12
Let s = -12 + 21. Suppose 4*h + s = -111. Let n = -13 - h. Calculate the highest common divisor of n and 153.
17
Suppose 176 = -j + 5*j. Let v = -21 - -31. Let p(g) = -g**3 + 10*g**2 + 8*g - 14. Let i be p(v). What is the highest common factor of i and j?
22
Let f be (-1 - -12 - -270) + (-1)/1. What is the highest common divisor of 80 and f?
40
Let y = 140 - 70. Let g(i) = -5*i**2 - i**2 - 2 - i - i**3 - 2*i - 2*i. Let n be g(-6). What is the highest common factor of y and n?
14
Suppose 0*x - 55 = -4*x - z, 4*z = 12. What is the greatest common divisor of 104 and x?
13
Let k = 88 + -61. Let t(u) = 16*u**3 - 2*u**2 + 1. Let z be t(1). Suppose 3*j - 59 = 3*v - 8*v, 3*v + z = j. Calculate the highest common factor of j and k.
9
Let k = 3 - 2. Suppose r - 16 = -r. Let d be (-1 + 0)/(-9 + r). Calculate the highest common divisor of d and k.
1
Let t(o) = -346*o + 1104. Let y be t(-8). What is the highest common factor of 88 and y?
88
Let i(g) = -g**2 + 12*g - 9. Let j be i(11). Suppose -2*x + 113 = -5*c, 4*x - j*x - c - 93 = 0. What is the highest common divisor of x and 8?
4
Let p(h) = -9*h**2 - 3*h + 2. Let d be p(1). Let t(q) = -q - 8. Let s be t(d). Suppose s*l - 12 = -2. Calculate the highest common factor of 30 and l.
5
Suppose y + j - 61 = 0, -5*j - 15 = -y + 16. Calculate the greatest common factor of 21 and y.
7
Suppose 2*m - 84 = -5*q, 5*m = q + 4*m - 14. What is the high